on factor of 9 and n.
9
Let w = 199 + -105. Suppose -c = -w + 22. What is the highest common divisor of 9 and c?
9
Let c = 33 + -30. Let i(s) = -s - 2. Let w be i(-3). Let q be 2*w/(-5)*-5. Calculate the highest common divisor of q and c.
1
Let q be 2 + -20 + 0 - 2. Let f = q + 39. Let l be (-4)/(-6) - 6/(-18)*55. Calculate the highest common factor of f and l.
19
Suppose -3*c - 119 = -4*c. What is the highest common factor of c and 17?
17
Suppose -4*d = 3*z - 54, 2*d + 22 = 3*d + 5*z. Let n(g) = -g. Let u be n(-4). What is the greatest common divisor of u and d?
4
Let b(v) = -v**2 - 5*v - 3. Let s be b(-4). Suppose 9 = i + 4. Suppose -2*q = 3*q - i. What is the greatest common divisor of s and q?
1
Let c be 5 + -1*2/2. Suppose -14*l = -17*l + 84. Calculate the greatest common factor of l and c.
4
Suppose -2*n - h + 10 = 0, -2 = -h - 0. Let t be (1 - 3)/(4/(-20)). Suppose -t = 2*f - n*f. What is the highest common factor of 5 and f?
5
Suppose -248 = -2*f + 114. Suppose -g = 61 - f. Suppose 2*s - 2*k - 26 = 0, -4*s + 70 = k + 4*k. Calculate the greatest common divisor of g and s.
15
Let s = 11 + 1. Let y(l) = -l**2 + 14*l - 17. Let a be y(s). Calculate the highest common divisor of a and 77.
7
Suppose -b - 10 = b. Let c(o) = -o + 10. Let l(d) = 2*d - 11. Let i(j) = -6*c(j) - 5*l(j). Let v be i(b). Calculate the greatest common divisor of 75 and v.
15
Let b = 21 - 7. Suppose f - 28 = -3*w - 4*f, 4*w - b = -2*f. What is the greatest common divisor of w and 7?
1
Let y(q) = q**3 - 10*q**2 - 13*q + 25. Let k be y(11). Calculate the highest common divisor of 3 and k.
3
Let w be 40/(-22) + 2/(-11). Let g be w/(-5) + (-272)/(-20). What is the greatest common factor of g and 126?
14
Suppose -13*r = -15*r + 110. What is the greatest common factor of r and 11?
11
Let j(b) = -5*b - 1. Let p be j(-2). Let c = -32 - -50. What is the greatest common divisor of p and c?
9
Suppose -5*d - 4*l + 45 = 0, 3*d - l - 27 = -0*l. Calculate the greatest common divisor of d and 2.
1
Let s(i) = 2*i**2 - i + 1. Let f be s(3). What is the highest common factor of f and 128?
16
Let i = 381 - 271. Let x be (i/(-3))/(2/(-6)). Calculate the highest common divisor of 22 and x.
22
Let r(h) = -h**3 + 9*h**2 + 4*h - 3. Let q be r(9). What is the greatest common divisor of q and 3?
3
Let g = -2 + 5. Let k = 6 - g. Calculate the greatest common factor of 3 and k.
3
Let u be (-21)/(-6)*(-80)/(-28). Suppose q = -q + u. What is the greatest common factor of 45 and q?
5
Let d(x) = 7*x + 1. Let p be d(2). Suppose 0 = 3*i - 4*i + p. What is the greatest common divisor of 3 and i?
3
Suppose 5*i - i - 504 = 0. What is the highest common factor of i and 18?
18
Suppose 4*d - 2*d - 26 = -5*p, -5*p + 42 = 4*d. Calculate the highest common factor of d and 56.
8
Let c(l) = 2*l - 4. Let k be c(4). Suppose 154 = -3*x + k*x. Let s be 1/(-3) - 129/(-9). What is the greatest common factor of x and s?
14
Let p = 65 - 35. Suppose -4*b = -5*b + 10. Calculate the highest common divisor of b and p.
10
Suppose 2*h + 17 = y - 17, 2*h - 218 = -5*y. Suppose -4*p = p - 30. What is the highest common factor of p and y?
6
Suppose -g - 1 = -w - 0*g, g = 4*w - 1. Let z be 99 + w + 0 + 1. Suppose -15 = 5*n - z. What is the greatest common divisor of n and 85?
17
Let s(u) = 2*u**2 + 6*u - 31. Let j be s(4). Calculate the greatest common divisor of j and 200.
25
Suppose 42 = -3*d + 4*k - k, -5*d = -k + 62. Let p be ((-140)/d)/((-2)/(-6)). Calculate the greatest common factor of p and 14.
7
Let t(x) = -12*x - 16. Let s be t(-4). Calculate the highest common factor of s and 16.
16
Suppose 4*q - 104 = -3*x, -18*q + 8 = -14*q. What is the highest common divisor of x and 12?
4
Suppose 0*k - 16 = -4*k. Suppose 5*p = -3*a + 98, -k*a + 0*p = 5*p - 134. Calculate the highest common divisor of 12 and a.
12
Suppose 8 = -2*m - 14. Let j = -7 - m. Let c(h) = 9*h + 1. Let x be c(1). What is the highest common divisor of x and j?
2
Let s = 66 - -18. Let l = -39 + 60. Calculate the highest common factor of s and l.
21
Suppose -3*l + 5*z = -236, l = -4*l + 3*z + 388. What is the greatest common factor of 11 and l?
11
Let c(d) = -d**2 - 7*d - 4. Let t be c(-6). Suppose s - 35 = -r, -4*s = t*r + r - 104. What is the greatest common divisor of r and 54?
18
Let t be (-308)/(-20) + 2/(-5). Let f be (-3)/(-3)*(133 + -2). Let i be 5 + -2 + (f - -1). Calculate the highest common divisor of t and i.
15
Let d(k) = k**2 - 3*k + 4. Let j be d(3). Suppose y = 14 + j. Calculate the greatest common factor of y and 6.
6
Let i = -68 + 128. What is the greatest common divisor of i and 150?
30
Let m = -572 + 616. Let f(d) = 2*d**2 + 4. Let v be f(3). Calculate the highest common factor of m and v.
22
Suppose j - 2*w = -j + 6, 4*w = -2*j + 6. Suppose -4*o - 26 = -0*a - a, -j*o - 9 = 0. Calculate the greatest common factor of 14 and a.
14
Suppose 11 = -2*g + 39. Let a = g + 94. Calculate the highest common factor of a and 12.
12
Let y = -3 + 12. Let f = 1 + 9. Let j(p) = 7*p + 2. Let b be j(f). What is the highest common divisor of y and b?
9
Suppose -3*c + 28 = -2*c. Let u = -12 - -14. Suppose -u*v + r = -c, -2*v - 6*r + r + 4 = 0. What is the greatest common factor of v and 18?
6
Suppose 0 = -4*k - 44 + 72. Calculate the highest common factor of 1 and k.
1
Suppose -6*o + 4*o = 32. Let j(b) = -9*b - 19. Let v be j(o). Calculate the greatest common factor of v and 50.
25
Let l(s) = 3*s**2 + 5*s + 12. Let h(f) = -f**2 - 2*f - 4. Let q(r) = 17*h(r) + 6*l(r). Let p be q(5). Calculate the greatest common divisor of p and 1.
1
Let y be 1 + -28 - (1 - 0). Let c = y + 42. Let t be 3/(7/2 - 2). What is the highest common factor of t and c?
2
Let k(f) = 2*f + 3. Let x be k(8). Calculate the highest common divisor of x and 19.
19
Let p be (-3)/(6/(-4)) - -2. Suppose p*f - 35 = -u, -u + 3*f + 15 = u. Let c = 3 - 0. What is the greatest common factor of c and u?
3
Let k = -32 - -44. What is the highest common divisor of k and 3?
3
Suppose -t = t - 30. Let j(h) = 4*h**2 + 3*h + 3. Let z be j(3). Suppose 3*u - 2*g = 3*g + 40, z = 4*u - 4*g. Calculate the greatest common factor of u and t.
5
Suppose -32 = -5*d - 7. Suppose 2*b - 138 + 136 = 0. What is the greatest common factor of b and d?
1
Suppose -2*i + 6*i - 12 = 0. Let z be 0 + (-10)/(-1) + -3. Let k(d) = d**3 - 7*d**2 + 2*d + 7. Let b be k(z). Calculate the highest common divisor of b and i.
3
Let r be (-6)/(-18)*69*1. Calculate the highest common factor of 161 and r.
23
Let g be (-1)/(-1)*2 + 1. Suppose -2*q + 4*q - 10 = 0. Suppose 2*k - 19 = -q*r, -k - 3*r - 27 = -3*k. Calculate the highest common factor of g and k.
3
Let j = -21 + 1. Let t = -10 - j. What is the highest common factor of 70 and t?
10
Suppose -a = -4 - 0. Let q(i) = i**2 + 14*i - 20. Let f be q(-16). Let r be (-2)/(f/(-21))*a. Calculate the greatest common divisor of r and 7.
7
Let g(k) = 5*k - 3. Let t be g(2). Let l be 21/(10/(-6) + 2). Calculate the highest common factor of t and l.
7
Let k(n) = 6*n - 4. Let z be k(-3). Let x = z + 92. Suppose -3*g + 210 = 2*v, 5*v + x = g + 2*v. Calculate the greatest common factor of g and 28.
14
Let j(x) = x - 2. Let f be j(6). Suppose 2*m - l - 22 = 0, -l = l - f. Suppose 4*w - 4 = 0, z + w + 3 - m = 0. What is the highest common divisor of 4 and z?
4
Suppose -5*b - 6 = 9, -4*b + 3 = x. Let q(f) = 6*f**2 + 7*f + 5. Let c be q(-5). What is the highest common divisor of c and x?
15
Let i(p) = -p - 1. Let s(t) = t - 3. Let k(b) = 5*i(b) - s(b). Let r be k(-2). What is the greatest common factor of 10 and r?
10
Suppose -5*k + 61 = 2*m - 241, 59 = k - m. What is the greatest common factor of 15 and k?
15
Let i be (4/12*0)/(-2). Suppose 197 + 43 = 2*j + 4*r, 2*j + 3*r - 235 = i. What is the highest common factor of 44 and j?
22
Let b(v) = -10*v - 10. Let h be b(-2). What is the greatest common factor of 110 and h?
10
Let g be (13 - 0 - 2)*1. Let i = 17 + -12. Suppose -71 = -i*b + 94. Calculate the highest common divisor of b and g.
11
Suppose 3 = c - 0. What is the greatest common divisor of 24 and c?
3
Suppose 3 = 2*b - 5. What is the greatest common factor of b and 28?
4
Let l be ((-56)/(-14))/(2*1). Calculate the highest common divisor of l and 22.
2
Let s(v) = 2*v + 9. Let h be s(8). What is the highest 